j) = 33*j**3 + 93*j**2 - 13*j - 12. Determine h(-3).
-27
Let j(v) = -v**3 + 56*v**2 + 2471*v - 133797. Calculate j(60).
63
Let o(x) = x**2 - 19850*x + 396570. Give o(20).
-30
Let p(y) = -30*y**2 - 276*y + 937. What is p(3)?
-161
Let v(u) = 25575*u - 2276172. Give v(89).
3
Let v(h) = 4478*h + 58299. Calculate v(-13).
85
Let r(c) = -c**3 + 87*c**2 - 82*c + 129. Calculate r(86).
473
Let s(h) = 931*h + 27339. Give s(-31).
-1522
Let h(w) = 924395*w - 2773181. Determine h(3).
4
Let a(n) = -4*n**3 + 23*n**2 + 73*n - 408. Determine a(4).
-4
Let o(b) = -b**2 + 46*b - 460. What is o(11)?
-75
Let n(z) = 15*z**2 + 1583*z - 7938. What is n(5)?
352
Let u(d) = -20766*d - 4755434. Calculate u(-229).
-20
Let o(m) = -m**3 - 27*m**2 - 169*m - 258. Calculate o(-4).
50
Let r(o) = -94820*o + 379332. Determine r(4).
52
Let k(g) = 8*g**2 + 1087*g + 15331. Determine k(-16).
-13
Let h(v) = 39*v**2 - 806*v - 2088. Give h(23).
5
Let h(t) = -3377*t + 536192. What is h(159)?
-751
Let k(i) = -59543*i**2 - 1071771*i + 65. Calculate k(-18).
11
Let x(g) = g**2 - 1598*g + 134292. What is x(1509)?
-9
Let p(l) = 43833*l - 569938. Calculate p(13).
-109
Let k(v) = 77*v**2 + 769*v + 1856. Calculate k(-5).
-64
Let j(n) = n**3 - 271*n**2 + 1562*n + 7422. Calculate j(265).
2
Let v(w) = w**3 + 83*w**2 + 1375*w - 102. Determine v(-23).
13
Let f(l) = 11*l**2 - 2313*l + 5031. What is f(208)?
-169
Let i(o) = 4145*o**2 + 82898*o - 46. What is i(-20)?
-6
Let u(d) = -87*d**3 + 17*d**2 - 75*d - 75. Calculate u(-1).
104
Let i(n) = -2*n**3 + 5*n**2 + 754*n - 2918. Give i(-20).
2
Let i(a) = 63*a**3 + 497*a**2 - 49*a + 64. Give i(-8).
8
Let u(z) = -231*z**2 - 3701*z + 146. Calculate u(-16).
226
Let b(h) = 26*h**3 + h**2 - 9*h. Calculate b(0).
0
Let z(g) = -4995*g + 179685. Determine z(36).
-135
Let y(q) = -8*q**2 + 1664*q - 6625. What is y(4)?
-97
Let n(x) = 7228*x - 94036. Determine n(13).
-72
Let n(r) = r**3 + 484*r**2 - 5449*r - 1975. What is n(-495)?
5
Let u(f) = f**3 + 87*f**2 + 68*f + 13653. Calculate u(-88).
-75
Let d(y) = -144*y - 9501. Determine d(-65).
-141
Let i(m) = m**3 + 200*m**2 - 327*m - 25312. What is i(-201)?
14
Let h(d) = -103*d**2 - 17824*d - 1272. Give h(-173).
-407
Let i(g) = 3*g**3 - 315*g**2 + 16*g - 1657. Calculate i(105).
23
Let m(z) = -82245*z - 20396756. Determine m(-248).
4
Let n(j) = -3706*j + 25921. Calculate n(7).
-21
Let x(g) = -2*g**3 + 38*g**2 + 53*g - 799. Determine x(4).
-107
Let z(m) = -145*m - 2458. Determine z(-15).
-283
Let v(j) = 5*j**2 - 1678*j + 115009. Give v(96).
1
Let w(j) = 37*j**2 - 27*j + 1033. Determine w(0).
1033
Let c(y) = y**3 - 582*y**2 + 13417*y - 13926. What is c(558)?
24
Let y(u) = 17735*u + 17777. Determine y(-1).
42
Let q(d) = 2858*d + 13798. Give q(-5).
-492
Let t(a) = -33*a**2 + 16*a + 3823. Determine t(11).
6
Let z(y) = 14*y**2 - 273*y + 1607. Give z(6).
473
Let q(s) = -78*s**2 - 5468*s + 309104. Calculate q(37).
6
Let y(z) = -1033*z - 5193. What is y(-2)?
-3127
Let w(r) = -1379*r - 259138. Calculate w(-188).
114
Let i(x) = 9*x**2 - 1450*x + 4452. What is i(158)?
28
Let n(u) = -u**3 - 46*u**2 - 598*u - 3021. Calculate n(-29).
24
Let o(h) = -4*h**3 + 2010*h**2 + 10143*h - 28. Determine o(-5).
7
Let t(r) = r**3 - 123*r**2 + 115*r + 1830. Determine t(122).
976
Let n(x) = x**2 - 1764*x - 137862. Give n(-75).
63
Let x(v) = -5586*v + 2351714. Give x(421).
8
Let s(d) = d**3 - 137*d**2 + 931*d - 148. Determine s(7).
-1
Let f(m) = -m**3 + m**2 + 101*m + 32. Calculate f(-11).
373
Let a(z) = -2*z**3 + 15*z**2 + 90*z - 286. Determine a(8).
370
Let p(z) = -7*z**2 - 714*z + 6589. Calculate p(9).
-404
Let b(g) = -17071*g - 324332. Calculate b(-19).
17
Let a(b) = -8*b**3 - 73*b**2 - 62*b + 127. Determine a(-8).
47
Let h(f) = 2*f**3 - 69*f**2 - 5990*f - 1198. Calculate h(-40).
2
Let v(m) = -m**3 - 103*m**2 - 2549*m + 2060. What is v(-44)?
-8
Let q(j) = 2*j**3 + 532*j**2 - 4941*j + 2456. What is q(-275)?
-19
Let b(l) = 91*l**2 - 2104*l - 6799. What is b(26)?
13
Let p(l) = -13381*l + 26786. What is p(2)?
24
Let x(i) = -38*i**3 - 226*i**2 - 3*i + 34. Determine x(-6).
124
Let w(v) = -v**3 - 20*v**2 + 846*v + 279. Give w(21).
-36
Let p(f) = 2*f**3 - 169*f**2 - 4813*f - 209. What is p(107)?
5
Let c(f) = f**3 - 29*f**2 - 10*f - 92. Give c(12).
-2660
Let j(m) = -1692*m - 7973. What is j(-4)?
-1205
Let a(p) = -372*p**2 + 3348*p - 12. Determine a(9).
-12
Let n(s) = 58*s - 929. Give n(19).
173
Let l(c) = -2*c**3 - 171*c**2 + 828*c + 77607. Calculate l(-85).
2
Let h(q) = 2*q**3 + 50*q**2 + 226*q + 535. What is h(-20)?
15
Let v(z) = -10663*z - 202620. Determine v(-19).
-23
Let l(v) = -9*v**3 + 14*v**2 + 146*v + 47. Calculate l(5).
2
Let n(l) = 108991*l + 108989. What is n(-1)?
-2
Let j(z) = -19*z + 3421. What is j(182)?
-37
Let n(q) = -595*q**2 - 13661*q + 553. What is n(-23)?
1
Let m(y) = 3846*y + 103862. Give m(-27).
20
Let z(n) = n**3 + 536*n**2 + 617*n + 43870. Give z(-535).
0
Let d(s) = -7*s**3 + 38*s**2 - 38297*s + 191411. Calculate d(5).
1
Let p(a) = -24*a**3 + 7032*a**2 + 5*a - 1500. Calculate p(293).
-35
Let v(q) = 4*q**2 + 148*q - 3284. What is v(16)?
108
Let u(d) = -d**2 - 236494*d - 2128302. Determine u(-9).
63
Let c(w) = 2306*w**2 + 135*w - 103. What is c(1)?
2338
Let j(a) = 487*a + 79773. What is j(-164)?
-95
Let r(g) = 40*g**3 + 125*g**2 + 89*g + 230. What is r(-3)?
8
Let o(k) = -k**2 + 425*k + 19600. Calculate o(467).
-14
Let k(m) = 598*m**2 + 395873*m - 2003. Give k(-662).
-17
Let z(s) = -7*s**2 + 166*s + 1306. What is z(-8)?
-470
Let r(i) = i**3 + 17*i**2 - 21*i - 921. Determine r(-16).
-329
Let i(h) = -2*h**3 + 165*h**2 - 1283*h + 479. Determine i(74).
-1371
Let f(n) = -3*n**2 + 10097*n + 254288. Calculate f(-25).
-12
Let p(o) = -o**2 - 291*o - 14386. What is p(-258)?
-5872
Let x(o) = -872626*o - 4363139. What is x(-5)?
-9
Let u(y) = -77*y - 4465. What is u(-56)?
-153
Let d(c) = 11*c**3 + 1098*c**2 - 187*c + 73. Determine d(-100).
-1227
Let b(u) = 2*u**2 - 49*u - 5960. Give b(-43).
-155
Let a(j) = -1374*j + 5122. What is a(5)?
-1748
Let u(k) = 5*k**3 - 906*k**2 - 745*k + 167665. What is u(181)?
59
Let q(z) = -11626*z**2 - 151162*z - 311. Determine q(-13).
1
Let h(o) = -45*o**2 - 2417*o - 26869. Give h(-38).
-3
Let z(t) = -t**3 - 118*t**2 - 812*t + 7548. What is z(-110)?
68
Let r(v) = v**2 + 21920*v + 153409. What is r(-7)?
18
Let h(j) = -20*j - 113. Give h(-74).
1367
Let y(q) = -2*q**2 - 159*q - 58. Determine y(-37).
3087
Let m(i) = i**3 + i**2 - 3438*i - 20450. What is m(-6)?
-2
Let s(y) = -21*y**2 - 1495*y - 4297. Calculate s(-3).
-1
Let a(z) = 3*z**3 + 103*z**2 + 37*z - 23. Determine a(-34).
-125
Let c(x) = -x**3 + 5*x**2 - 32*x + 226. Give c(6).
-2
Let b(i) = -2035355*i - 10176792. Give b(-5).
-17
Let d(y) = 1759*y**2 - 24626*y - 26. Give d(14).
-26
Let y(p) = -p**3 + 70*p**2 + 664*p - 21579. What is y(75)?
96
Let b(o) = o**3 - 17*o**2 - 23*o + 140. Determine b(19).
425
Let r(i) = 2*i**3 + 6*i**2 + 3219*i + 1. What is r(0)?
1
Let g(t) = 58*t**3 - 1218*t**2 + 7*t - 146. What is g(21)?
1
Let p(m) = m**2 + 46195*m - 230986. Give p(5).
14
Let d(v) = v**2 - 182*v - 1475. Determine d(-8).
45
Let c(h) = 3*h**3 + 448*h**2 + 10*h - 22. Give c(0).
-22
Let h(k) = 7*k**3 + 29*k**2 - 18*k - 28. What is h(6)?
2420
Let l(z) = z**3 + 77*z**2 + 278*z + 9598. Give l(-75).
-2
Let f(j) = -328*j + 1023. Calculate f(-6).
2991
Let i(t) = -t**3 + 15*t**2 - 76*t + 1480. What is i(16)?
8
Let u(n) = -2*n**2 + 504*n - 27293. What is u(83)?
761
Let k(r) = -r**2 - 2251*r - 40232. Determine k(-18).
-38
Let n(u) = 954*u**2 - 17358*u + 3334. Give n(18).
-14
Let d(v) = -5552*v + 27940. Determine d(5).
180
Let o(m) = 806*m - 20790. Determine o(26).
166
Let j(x) = 186*x**2 + 6303*x - 668. What is j(-34)?
46
Let t(k) = k**3 + 300*k**2 - 4679*k - 54. What is t(15)?
636
Let d(v) = -105*v + 2211. Calculate d(28).
-729
Let w(k) = -3*k**3 - 48*k**2 + 13*k + 113. Determine w(-15).
-757
Let j(l) = 712*l - 1234. What is j(3)?
902
Let l(w) = -w**2 - 688*w - 97040. Calculate l(-490).
-20
Let r(p) = 2*p**3 - 259*p**2 + 8104*p + 277. Calculate r(53).
12
Let k(m) = 2*m**2 + 247*m - 2588. Determine k(10).
82
Let o(l) = -31*l**2 - 287*l - 98. What is o(-9)?
-26
Let c(w) = -873*w - 97782. Determine c(-112).
-6
Let t(s) = s**3 + 17*s**2 - 398*s + 939. Calculate t(11).
-51
Let l(x) = 5*x**3 -